st common divisor of 330 and 319?
11
What is the highest common divisor of 112 and 280?
56
What is the highest common factor of 85803 and 111?
111
Calculate the highest common divisor of 48 and 400.
16
What is the greatest common divisor of 4042 and 188?
94
Calculate the highest common divisor of 27270 and 540.
270
What is the highest common divisor of 329 and 7003?
47
What is the highest common divisor of 56 and 11144?
56
What is the greatest common divisor of 324 and 36?
36
What is the highest common divisor of 162 and 90?
18
Calculate the greatest common factor of 176 and 2684.
44
Calculate the highest common divisor of 72 and 252.
36
What is the highest common divisor of 238 and 56?
14
Calculate the highest common divisor of 1189 and 29.
29
What is the highest common factor of 47 and 5?
1
Calculate the highest common factor of 408 and 312.
24
What is the highest common divisor of 6 and 28?
2
What is the greatest common divisor of 11776 and 46?
46
Calculate the greatest common divisor of 403 and 78.
13
What is the highest common factor of 25 and 505?
5
Calculate the highest common divisor of 33 and 18843.
33
What is the greatest common factor of 18 and 8469?
9
Calculate the highest common divisor of 147 and 217.
7
What is the greatest common divisor of 100 and 235?
5
What is the greatest common divisor of 4056 and 30?
6
What is the highest common divisor of 2808 and 32?
8
What is the highest common divisor of 361 and 19?
19
What is the highest common divisor of 915 and 105?
15
What is the greatest common divisor of 108 and 4?
4
Calculate the greatest common factor of 1605 and 1.
1
Calculate the greatest common factor of 58 and 3132.
58
What is the highest common factor of 140 and 40?
20
Calculate the highest common factor of 18 and 114.
6
What is the greatest common factor of 418 and 44?
22
Calculate the greatest common divisor of 258 and 12.
6
Calculate the highest common factor of 140 and 50.
10
What is the highest common factor of 1464 and 61?
61
Calculate the greatest common divisor of 4 and 10.
2
Calculate the highest common factor of 1750 and 21.
7
What is the highest common factor of 5810 and 350?
70
What is the greatest common factor of 30 and 125?
5
Calculate the greatest common factor of 45 and 126.
9
Calculate the highest common factor of 41557 and 29.
29
Calculate the highest common divisor of 875 and 245.
35
Calculate the highest common divisor of 23 and 9.
1
What is the greatest common factor of 140 and 224?
28
What is the greatest common factor of 46 and 598?
46
Calculate the highest common factor of 96 and 1536.
96
What is the greatest common factor of 40 and 680?
40
What is the greatest common factor of 20952 and 36?
36
What is the greatest common divisor of 246 and 82?
82
Calculate the greatest common divisor of 64578 and 141.
141
Calculate the highest common factor of 104 and 2652.
52
Calculate the highest common divisor of 54 and 1602.
18
What is the greatest common factor of 17050 and 440?
110
Calculate the greatest common divisor of 2254 and 46.
46
Calculate the greatest common factor of 150 and 975.
75
Calculate the greatest common factor of 364 and 1196.
52
What is the highest common divisor of 22 and 165?
11
Calculate the highest common divisor of 621 and 9.
9
Calculate the highest common divisor of 62 and 6386.
62
Calculate the highest common factor of 77 and 704.
11
Calculate the highest common factor of 221 and 299.
13
Calculate the highest common divisor of 112 and 42.
14
What is the greatest common factor of 216 and 9261?
27
What is the greatest common factor of 15 and 285?
15
Calculate the highest common factor of 72 and 312.
24
What is the greatest common divisor of 3975 and 159?
159
Calculate the greatest common factor of 33 and 374.
11
Calculate the greatest common divisor of 58 and 4.
2
What is the greatest common factor of 13120 and 160?
160
What is the greatest common factor of 14 and 21?
7
Calculate the highest common factor of 10 and 1090.
10
What is the highest common factor of 504 and 1032?
24
What is the greatest common divisor of 186 and 6758?
62
Calculate the greatest common divisor of 430 and 1.
1
What is the highest common divisor of 2097 and 18?
9
What is the highest common divisor of 2874 and 6?
6
What is the highest common divisor of 24 and 392?
8
Calculate the greatest common divisor of 1311 and 57.
57
Calculate the highest common factor of 8 and 1.
1
Calculate the greatest common factor of 70 and 5110.
70
Calculate the greatest common divisor of 120 and 25608.
24
Calculate the greatest common factor of 37281 and 129.
129
Calculate the highest common factor of 5292 and 140.
28
What is the highest common divisor of 4131 and 17?
17
What is the greatest common divisor of 10 and 370?
10
Calculate the greatest common divisor of 1080 and 40.
40
Calculate the highest common divisor of 940 and 1580.
20
What is the greatest common divisor of 360 and 940?
20
Calculate the greatest common factor of 16 and 4.
4
What is the highest common factor of 192 and 1632?
96
What is the greatest common divisor of 68634 and 492?
246
What is the greatest common divisor of 27 and 189?
27
Calculate the highest common factor of 351 and 13.
13
What is the highest common factor of 159 and 795?
159
Calculate the highest common divisor of 4905 and 27.
9
Calculate the highest common factor of 54 and 702.
54
What is the highest common factor of 51 and 17?
17
What is the greatest common divisor of 64 and 760?
8
What is the greatest common factor of 8050 and 7?
7
What is the greatest common factor of 15 and 69?
3
What is the highest common factor of 256 and 288?
32
Calculate the highest common divisor of 112 and 608.
16
Calculate the greatest common factor of 5 and 32.
1
What is the highest common divisor of 2624 and 1517?
41
Calculate the highest common factor of 103 and 19.
1
What is the highest common divisor of 12 and 372?
12
What is the greatest common factor of 96 and 312?
24
What is the highest common divisor of 13040 and 5?
5
What is the highest common divisor of 194 and 2?
2
Calculate the greatest common factor of 140 and 80.
20
Calculate the greatest common factor of 6879 and 9.
3
What is the highest common factor of 70 and 3410?
10
What is the greatest common divisor of 3 and 153?
3
Calculate the highest common factor of 393 and 131.
131
What is the highest common factor of 80 and 2480?
80
What is the greatest common factor of 10 and 23510?
10
Calculate the greatest common divisor of 56 and 28.
28
What is the highest common divisor of 608 and 5738?
38
What is the greatest common divisor of 38 and 76?
38
Calculate the greatest common factor of 108 and 2052.
108
What is the highest common divisor of 16 and 248?
8
What is the highest common divisor of 16 and 4?
4
What is the greatest common divisor of 400 and 190?
10
What is the greatest common divisor of 2976 and 18?
6
Calculate the highest common factor of 21 and 721.
7
What is the highest common divisor of 2175 and 600?
75
What is the highest common factor of 365 and 85?
5
What is the highest common divisor of 33 and 1067?
11
What is the highest common divisor of 845 and 65?
65
Calculate the highest common divisor of 1606 and 22.
22
Calculate the greatest common factor of 550 and 200.
50
What is the highest common divisor of 99 and 319?
11
What is the greatest common divisor of 1146 and 48?
6
Calculate the highest common factor of 3104 and 64.
32
What is the greatest common divisor of 341 and 825?
11
Calculate the highest common divisor of 306 and 1734.
102
What is the highest common factor of 2703 and 1272?
159
Calculate the greatest common divisor of 220 and 4070.
110
What is the greatest common factor of 418 and 132?
22
What is the greatest common divisor of 21 and 735?
21
What is the highest common divisor of 194 and 2?
2
Calculate the highest common divisor of 93 and 341.
31
Calculate the highest common factor of 48 and 256.
16
Calculate the highest common divisor of 30 and 48.
6
What is the greatest common divisor of 391 and 289?
17
Calculate the highest common factor of 4617 and 45.
9
Calculate the highest common factor of 1363 and 29.
29
Calculate the greatest common divisor of 9802 and 232.
58
Calculate the greatest common divisor of 98 and 98.
98
What